of 3?
False
Is 343995220 a multiple of 34?
False
Is 4 a factor of 10837103?
False
Does 677 divide 1822565917?
True
Does 1281 divide 251638359?
True
Is 938697 a multiple of 2?
False
Is 85693230 a multiple of 85?
False
Is 3 a factor of 84864454?
False
Is 278459236 a multiple of 2948?
True
Is 89109694 a multiple of 885?
False
Does 2042 divide 17375378?
True
Is 147924178 a multiple of 943?
False
Does 3889 divide 589978330?
False
Does 124 divide 18022160?
True
Is 243 a factor of 5028333?
False
Is 56337076 a multiple of 1951?
True
Is 525695541 a multiple of 28?
False
Is 22 a factor of 15445078?
True
Is 1333925536 a multiple of 953?
True
Is 12 a factor of 31695414?
False
Is 34669674 a multiple of 54?
True
Is 148 a factor of 12530294?
False
Is 48 a factor of 13718400?
True
Is 9250884 a multiple of 7?
False
Is 56807305 a multiple of 605?
False
Does 140 divide 4974207280?
True
Is 838 a factor of 119714166?
True
Is 21373283 a multiple of 1338?
False
Is 61695681 a multiple of 39?
False
Is 180331750 a multiple of 5134?
True
Does 287 divide 29645821?
False
Does 10 divide 50471203?
False
Does 1998 divide 996566436?
True
Does 1555 divide 44804215?
True
Is 10 a factor of 1784283?
False
Is 69849255 a multiple of 49?
True
Does 12 divide 85713258?
False
Is 265681602 a multiple of 414?
True
Does 27 divide 63231381?
True
Is 1202 a factor of 144640581?
False
Is 3227 a factor of 1801368280?
False
Is 1019107655 a multiple of 6906?
False
Is 11956819 a multiple of 101?
False
Is 2470 a factor of 187650449?
False
Is 2276 a factor of 157585667?
False
Does 4953 divide 242459256?
True
Does 382 divide 945666567?
False
Is 473 a factor of 21591504?
True
Is 1338307080 a multiple of 232?
True
Is 4744965 a multiple of 115?
False
Is 42403616 a multiple of 280?
False
Does 6 divide 55314256?
False
Is 248150250 a multiple of 1746?
True
Is 3006 a factor of 2300186?
False
Is 591 a factor of 3102159?
True
Is 624 a factor of 22663184?
False
Is 24213520 a multiple of 4132?
True
Is 64941370 a multiple of 5?
True
Does 1102 divide 62689018?
False
Is 32810003 a multiple of 207?
False
Does 401 divide 36490516?
False
Does 9 divide 11170505?
False
Is 126 a factor of 10117044?
True
Is 2132950501 a multiple of 3118?
False
Does 38 divide 449415968?
True
Is 1069 a factor of 238545322?
False
Does 1057 divide 1007150823?
True
Is 6358002261 a multiple of 5651?
True
Is 55434027 a multiple of 973?
False
Does 18 divide 23423130?
True
Is 58 a factor of 30353089?
False
Is 342 a factor of 71637372?
True
Does 34 divide 211066254?
True
Does 78 divide 19660818?
False
Is 590 a factor of 25875168?
False
Is 47 a factor of 184313955?
False
Does 1598 divide 27319408?
True
Does 529 divide 122311180?
False
Is 5990 a factor of 2859835650?
True
Is 46892508 a multiple of 82?
False
Is 149854184 a multiple of 14?
False
Is 46938199 a multiple of 86?
False
Does 388 divide 540030428?
True
Is 25 a factor of 465381150?
True
Does 52 divide 72177190?
False
Is 7076 a factor of 2509687376?
True
Is 35920988 even?
True
Is 63241473 a multiple of 327?
True
Is 2042505750 a multiple of 75?
True
Does 16 divide 3571295?
False
Is 26 a factor of 189584674?
False
Does 1592 divide 63108128?
False
Is 102452853 a multiple of 50?
False
Does 108 divide 707293804?
False
Does 13 divide 230119331?
True
Does 502 divide 102633398?
True
Is 677032956 a multiple of 612?
True
Does 102 divide 18507594?
True
Is 5156190 a multiple of 9?
True
Is 2193372144 a multiple of 18?
True
Is 1701204235 a multiple of 551?
True
Is 202162611 a multiple of 113?
False
Is 25041628 a multiple of 146?
True
Is 29791848 a multiple of 948?
True
Is 32241891 a multiple of 4?
False
Does 311 divide 274930531?
True
Does 155 divide 4288075?
True
Does 1672 divide 147179270?
False
Is 613973710 a multiple of 2270?
True
Is 10264005 a multiple of 255?
True
Is 4114710 a multiple of 10?
True
Is 28 a factor of 274291052?
True
Is 95 a factor of 24478212?
False
Is 20934778 a multiple of 10?
False
Is 376 a factor of 5285873?
False
Is 1317 a factor of 325384045?
False
Does 52 divide 97674371?
False
Is 103 a factor of 46138507?
False
Is 45 a factor of 278336880?
True
Does 7836 divide 2435921741?
False
Does 2 divide 165503843?
False
Is 239736445 a multiple of 7445?
True
Is 6907725 a multiple of 12?
False
Does 31 divide 195680106?
False
Does 233 divide 35485667?
True
Is 461 a factor of 1334346060?
True
Does 244 divide 367119716?
True
Is 517590592 a multiple of 8?
True
Is 4209843 a multiple of 2?
False
Is 37539992 a multiple of 110?
False
Is 361734780 a multiple of 11?
True
Is 32129393 a multiple of 2036?
False
Is 22 a factor of 1257124?
True
Does 20 divide 263291999?
False
Is 56289963 a multiple of 269?
False
Is 460927914 a multiple of 20?
False
Is 8453 a factor of 2227140101?
False
Is 40 a factor of 664751353?
False
Is 5602814484 a multiple of 12?
True
Is 34301158 a multiple of 251?
True
Is 684 a factor of 1191582707?
False
Does 48 divide 470957568?
True
Is 221799137 a multiple of 49?
True
Does 2885 divide 41342050?
True
Is 1207 a factor of 131381210?
False
Is 23823212 a multiple of 196?
True
Is 34 a factor of 34657777?
False
Is 212 a factor of 317176991?
False
Does 143 divide 71959459?
True
Does 190 divide 393695010?
True
Does 27 divide 173926224?
True
Does 467 divide 6171872?
True
Does 981 divide 1431773875?
False
Is 26 a factor of 5919628?
True
Is 541035171 a multiple of 227?
False
Is 147 a factor of 919485?
True
Is 5 a factor of 293089581?
False
Is 729257427 a multiple of 631?
True
Is 1829842 a multiple of 36?
False
Is 30 a factor of 562432290?
True
Is 21750744 a multiple of 38?
True
Is 91 a factor of 68494790?
True
Is 699 a factor of 62154381?
True
Is 35 a factor of 28542018?
False
Does 157 divide 37986777?
False
Is 25734081 a multiple of 57?
False
Does 23 divide 34527324?
True
Is 3 a factor of 1146717452?
False
Does 243 divide 12465657?
True
Is 36 a factor of 148946580?
True
Is 26979552 a multiple of 36?
True
Is 2108608793 a multiple of 22?
False
Is 1212099064 a multiple of 561?
False
Is 12 a factor of 1495982947?
False
Does 531 divide 89581824?
True
Does 2588 divide 40082944?
True
Does 243 divide 7540637?
False
Is 52027080 a multiple of 420?
True
Is 883902233 a multiple of 3808?
False
Is 736 a factor of 58769600?
True
Is 13105239 a multiple of 10?
False
Does 25 divide 8759900?
True
Does 2084 divide 744754912?
True
Is 9 a factor of 15822450?
True
Is 34333965 a multiple of 1887?
True
Is 1423189747 a multiple of 25?
False
Is 84397683 a multiple of 429?
False
Does 8 divide 10032446?
False
Is 522366180 a multiple of 420?
True
Is 44 a factor of 730801896?
True
Does 1838 divide 22449100?
False
Is 813 a factor of 88435201?
False
Is 178505010 a multiple of 18?
True
Does 1367 divide 73936929?
True
Is 1411635701 a multiple of 74?
False
Does 968 divide 109836155?
False
Does 49 divide 672827428?
True
Does 1331 divide 141732562?
False
Is 37 a factor of 10913002?
True
Is 174071250 a multiple of 5?
True
Does 5177 divide 14930468?
True
Is 327 a factor of 280961420?
False
Is 17 a factor of 13623613?
True
Is 2038343792 a multiple of 2857?
True
Is 582959552 a multiple of 28?
True
Does 530 divide 156006030?
True
Does 3852 divide 254863051?
False
Is 63 a factor of 36267273?
True
Is 14 a factor of 18768209?
False
Is 145770320 a multiple of 11?
False
Is 85630406 a multiple of 49?
False
Does 20 divide 28657717?
False
Is 68 a factor of 4367635896?
False
Is 1480354077 a multiple of 5281?
True
Is 164 a factor of 1297037160?
False
Does 9 divide 3372855684?
False
Is 29 a factor of 92121901?
False
Does 115 divide 988062980?
True
Is 1935 a factor of 1710325215?
True
Is 768962848 a multiple of 12?
False
Is 350062815 a multiple of 1304?
False
Does 63 divide 148342887?
True
Is 500 a factor of 378368500?
True
Does 215 divide 30218035?
True
Does 298 divide 87327402?
False
Is 75 a factor of 1079250?
True
Is 23 a factor of 2500133856?
True
Is 126192465 a multiple of 6?
False
Is 7 a factor of 45102045?
False
Is 92234 even?
True
Is 271975827 a multiple of 9?
False
Is 33890277 a multiple of 307?
False
Does 6 divide 537426?
True
Is 4077837 a multiple of 91?
False
Is 657801308 a multiple of 10?
False
Is 70339335 a multiple of 327?
True
Does 427 divide 321077526?
True
Does 2549 divide 42645519?
False
Does 1347 divide 22982844?
False
